1
List the prime factors of 82334.
2, 7, 5881
List the prime factors of 4521.
3, 11, 137
What are the prime factors of 23647?
13, 17, 107
List the prime factors of 25408.
2, 397
List the prime factors of 23821.
7, 41, 83
What are the prime factors of 4617?
3, 19
What are the prime factors of 472?
2, 59
List the prime factors of 36702.
2, 3, 2039
List the prime factors of 147.
3, 7
What are the prime factors of 113063?
113063
List the prime factors of 13516.
2, 31, 109
What are the prime factors of 1249?
1249
What are the prime factors of 68478?
2, 3, 101, 113
List the prime factors of 60245.
5, 12049
What are the prime factors of 1947?
3, 11, 59
What are the prime factors of 9531?
3, 353
List the prime factors of 12074.
2, 6037
What are the prime factors of 125859?
3, 41953
List the prime factors of 1288.
2, 7, 23
What are the prime factors of 3651?
3, 1217
List the prime factors of 37809.
3, 4201
What are the prime factors of 338?
2, 13
List the prime factors of 45114.
2, 3, 73, 103
List the prime factors of 15775.
5, 631
List the prime factors of 12671.
12671
List the prime factors of 767.
13, 59
What are the prime factors of 1566?
2, 3, 29
List the prime factors of 31732.
2, 7933
What are the prime factors of 9692?
2, 2423
What are the prime factors of 805?
5, 7, 23
List the prime factors of 20610.
2, 3, 5, 229
What are the prime factors of 316?
2, 79
What are the prime factors of 3444?
2, 3, 7, 41
List the prime factors of 6771.
3, 37, 61
What are the prime factors of 9?
3
What are the prime factors of 13760?
2, 5, 43
List the prime factors of 2049.
3, 683
What are the prime factors of 1440?
2, 3, 5
What are the prime factors of 5179?
5179
What are the prime factors of 17584?
2, 7, 157
What are the prime factors of 4057?
4057
List the prime factors of 954.
2, 3, 53
List the prime factors of 525.
3, 5, 7
List the prime factors of 3183.
3, 1061
What are the prime factors of 9318?
2, 3, 1553
What are the prime factors of 502?
2, 251
List the prime factors of 6871.
6871
What are the prime factors of 15380?
2, 5, 769
List the prime factors of 14732.
2, 29, 127
What are the prime factors of 60387?
3, 20129
List the prime factors of 68674.
2, 34337
List the prime factors of 4285.
5, 857
What are the prime factors of 1168?
2, 73
List the prime factors of 34827.
3, 13, 19, 47
List the prime factors of 1131.
3, 13, 29
What are the prime factors of 282?
2, 3, 47
List the prime factors of 80228.
2, 31, 647
What are the prime factors of 4687?
43, 109
List the prime factors of 32042.
2, 37, 433
What are the prime factors of 2407?
29, 83
List the prime factors of 5665.
5, 11, 103
What are the prime factors of 3412?
2, 853
What are the prime factors of 549?
3, 61
What are the prime factors of 362?
2, 181
What are the prime factors of 9785?
5, 19, 103
What are the prime factors of 65027?
65027
List the prime factors of 1805.
5, 19
List the prime factors of 1212.
2, 3, 101
List the prime factors of 296.
2, 37
List the prime factors of 1679.
23, 73
What are the prime factors of 164130?
2, 3, 5, 5471
What are the prime factors of 1370?
2, 5, 137
What are the prime factors of 2969?
2969
List the prime factors of 27496.
2, 7, 491
What are the prime factors of 357?
3, 7, 17
List the prime factors of 642.
2, 3, 107
What are the prime factors of 8125?
5, 13
What are the prime factors of 1377?
3, 17
List the prime factors of 5338.
2, 17, 157
What are the prime factors of 15730?
2, 5, 11, 13
What are the prime factors of 23385?
3, 5, 1559
What are the prime factors of 6927?
3, 2309
What are the prime factors of 12162?
2, 3, 2027
List the prime factors of 663.
3, 13, 17
List the prime factors of 1740.
2, 3, 5, 29
List the prime factors of 1890.
2, 3, 5, 7
What are the prime factors of 567?
3, 7
List the prime factors of 629.
17, 37
What are the prime factors of 1850?
2, 5, 37
What are the prime factors of 46538?
2, 23269
List the prime factors of 4606.
2, 7, 47
List the prime factors of 103687.
103687
What are the prime factors of 569?
569
List the prime factors of 2182.
2, 1091
What are the prime factors of 2513?
7, 359
List the prime factors of 60370.
2, 5, 6037
What are the prime factors of 8614?
2, 59, 73
List the prime factors of 17749.
17749
What are the prime factors of 2504?
2, 313
What are the prime factors of 3526?
2, 41, 43
What are the prime factors of 15002?
2, 13, 577
What are the prime factors of 90125?
5, 7, 103
What are the prime factors of 14197?
14197
What are the prime factors of 707?
7, 101
List the prime factors of 4911.
3, 1637
What are the prime factors of 31?
31
List the prime factors of 3101.
7, 443
What are the prime factors of 924?
2, 3, 7, 11
What are the prime factors of 21079?
107, 197
List the prime factors of 15589.
7, 17, 131
List the prime factors of 48682.
2, 101, 241
List the prime factors of 1067.
11, 97
List the prime factors of 5021.
5021
List the prime factors of 3398.
2, 1699
What are the prime factors of 15306?
2, 3, 2551
What are the prime factors of 3652?
2, 11, 83
What are the prime factors of 237?
3, 79
What are the prime factors of 2653?
7, 379
List the prime factors of 139519.
17, 29, 283
List the prime factors of 37838.
2, 18919
List the prime factors of 61134.
2, 3, 23, 443
What are the prime factors of 15266?
2, 17, 449
List the prime factors of 23501.
71, 331
List the prime factors of 706.
2, 353
What are the prime factors of 12416?
2, 97
List the prime factors of 1918.
2, 7, 137
What are the prime factors of 660?
2, 3, 5, 11
List the prime factors of 472.
2, 59
List the prime factors of 8245.
5, 17, 97
List the prime factors of 733.
733
What are the prime factors of 3?
3
What are the prime factors of 3771?
3, 419
List the prime factors of 8426.
2, 11, 383
List the prime factors of 2193.
3, 17, 43
List the prime factors of 11676.
2, 3, 7, 139
What are the prime factors of 305?
5, 61
What are the prime factors of 447?
3, 149
What are the prime factors of 19198?
2, 29, 331
What are the prime factors of 30715?
5, 6143
List the prime factors of 1093.
1093
List the prime factors of 13454.
2, 7, 31
List the prime factors of 25861.
11, 2351
List the prime factors of 1416.
2, 3, 59
What are the prime factors of 99?
3, 11
List the prime factors of 8617.
7, 1231
What are the prime factors of 43841?
7, 6263
What are the prime factors of 20525?
5, 821
List the prime factors of 200.
2, 5
List the prime factors of 504.
2, 3, 7
What are the prime factors of 907?
907
List the prime factors of 17801.
7, 2543
List the prime factors of 797.
797
What are the prime factors of 458?
2, 229
List the prime factors of 5543.
23, 241
List the prime factors of 12513.
3, 43, 97
List the prime factors of 653.
653
List the prime factors of 18206.
2, 9103
List the prime factors of 773.
773
List the prime factors of 2764.
2, 691
List the prime factors of 71.
71
List the prime factors of 5162.
2, 29, 89
List the prime factors of 2331.
3, 7, 37
What are the prime factors of 6978?
2, 3, 1163
List the prime factors of 29779.
97, 307
What are the prime factors of 430?
2, 5, 43
List the prime factors of 987.
3, 7, 47
List the prime factors of 170831.
139, 1229
What are the prime factors of 11163?
3, 61
List the prime factors of 7377.
3, 2459
What are the prime factors of 6090?
2, 3, 5, 7, 29
What are the prime factors of 54304?
2, 1697
What are the prime factors of 3127?
53, 59
List the prime factors of 884.
2, 13, 17
What are the prime factors of 1112?
2, 139
List the prime factors of 1836.
2, 3, 17
List the prime factors of 154.
2, 7, 11
List the prime factors of 635.
5, 127
List the prime factors of 1639.
11, 149
List the prime factors of 53907.
3, 7, 17, 151
What are the prime factors of 24230?
2, 5, 2423
What are the prime factors of 31839?
3, 10613
List the prime factors of 3071.
37, 83
List the prime factors of 9495.
3, 5, 211
What are the prime factors of 38?
2, 19
What are the prime factors of 115529?
23, 5023
What are the prime factors of 72?
2, 3
List the prime factors of 100723.
7, 14389
List the prime factors of 50085.
3, 5, 7, 53
What are the prime factors of 321?
3, 107
What are the prime factors of 3494?
2, 1747
List the prime factors of 44732.
2, 53, 211
List the prime factors of 838.
2, 419
What are the prime factors of 8639?
53, 1